ided by 374?
320
What is the remainder when 2577074 is divided by 327?
314
Calculate the remainder when 877366558 is divided by 224.
222
What is the remainder when 197515 is divided by 92837?
11841
What is the remainder when 2869521 is divided by 1434596?
329
What is the remainder when 7686839 is divided by 280?
279
What is the remainder when 38841 is divided by 34?
13
Calculate the remainder when 94644 is divided by 76.
24
What is the remainder when 60098 is divided by 4192?
1410
Calculate the remainder when 162547 is divided by 27071.
121
What is the remainder when 4483 is divided by 618?
157
What is the remainder when 6349500 is divided by 170?
0
What is the remainder when 705924 is divided by 352863?
198
What is the remainder when 612012 is divided by 35978?
386
Calculate the remainder when 960513 is divided by 74.
67
What is the remainder when 27291215 is divided by 145166?
7
What is the remainder when 14600712 is divided by 7300353?
6
What is the remainder when 257996 is divided by 257942?
54
What is the remainder when 1596767 is divided by 10?
7
Calculate the remainder when 1683471 is divided by 10388.
615
What is the remainder when 3889461 is divided by 1338?
1233
Calculate the remainder when 396819 is divided by 6505.
14
Calculate the remainder when 3870450 is divided by 351858.
12
Calculate the remainder when 3485189 is divided by 2227.
2161
What is the remainder when 426167 is divided by 9261?
161
What is the remainder when 23945 is divided by 3394?
187
What is the remainder when 5094168 is divided by 12609?
132
Calculate the remainder when 30871458 is divided by 13.
7
What is the remainder when 3335757 is divided by 60?
57
Calculate the remainder when 107215609 is divided by 26.
7
Calculate the remainder when 13263 is divided by 3215.
403
Calculate the remainder when 20116 is divided by 89.
2
What is the remainder when 169147 is divided by 797?
183
Calculate the remainder when 65663 is divided by 4806.
3185
What is the remainder when 104871385 is divided by 11209?
11190
Calculate the remainder when 37402141 is divided by 385589.
8
What is the remainder when 17830818 is divided by 90?
18
Calculate the remainder when 8109099 is divided by 147437.
64
Calculate the remainder when 127413 is divided by 380.
113
Calculate the remainder when 7166 is divided by 881.
118
Calculate the remainder when 155541 is divided by 22191.
204
What is the remainder when 38732462 is divided by 416478?
8
Calculate the remainder when 799805 is divided by 2835.
335
What is the remainder when 23565086 is divided by 83564?
38
What is the remainder when 1824857 is divided by 2069?
2068
What is the remainder when 90010600 is divided by 81?
79
What is the remainder when 3336772 is divided by 6089?
0
What is the remainder when 367191 is divided by 332?
331
What is the remainder when 2466084 is divided by 15413?
4
Calculate the remainder when 72354 is divided by 2137.
1833
Calculate the remainder when 16427 is divided by 464.
187
Calculate the remainder when 85799 is divided by 267.
92
What is the remainder when 94796 is divided by 150?
146
Calculate the remainder when 474841 is divided by 118559.
605
Calculate the remainder when 160032 is divided by 109.
20
Calculate the remainder when 515296 is divided by 262.
204
What is the remainder when 11849530 is divided by 2843?
2749
What is the remainder when 368321 is divided by 959?
65
What is the remainder when 276711897 is divided by 925?
922
What is the remainder when 5480392 is divided by 3354?
3310
What is the remainder when 13391389 is divided by 28?
25
Calculate the remainder when 83095 is divided by 2009.
726
Calculate the remainder when 14664 is divided by 7289.
86
Calculate the remainder when 3234171 is divided by 5704.
3
Calculate the remainder when 11003650 is divided by 27928.
18
What is the remainder when 3807491 is divided by 530?
501
Calculate the remainder when 695630 is divided by 10379.
237
Calculate the remainder when 1360607 is divided by 428.
423
What is the remainder when 545450 is divided by 90791?
704
Calculate the remainder when 1778329 is divided by 222290.
9
Calculate the remainder when 656002 is divided by 15252.
166
What is the remainder when 101990134 is divided by 65?
64
Calculate the remainder when 2796949 is divided by 310768.
37
Calculate the remainder when 5925998 is divided by 846527.
309
Calculate the remainder when 16999576 is divided by 149.
17
What is the remainder when 427161 is divided by 213448?
265
What is the remainder when 144671 is divided by 2070?
1841
What is the remainder when 1432435 is divided by 716204?
27
What is the remainder when 1575689 is divided by 2277?
5
Calculate the remainder when 40640430 is divided by 5.
0
Calculate the remainder when 54323 is divided by 4487.
479
Calculate the remainder when 49513139 is divided by 4501194.
5
What is the remainder when 43573717 is divided by 39?
31
What is the remainder when 118566 is divided by 10768?
118
What is the remainder when 126984651 is divided by 17?
6
What is the remainder when 6494633 is divided by 258?
257
What is the remainder when 4460928 is divided by 4766?
4718
Calculate the remainder when 24312171 is divided by 243.
21
Calculate the remainder when 25921388 is divided by 38.
30
Calculate the remainder when 2719546 is divided by 379.
221
Calculate the remainder when 504539 is divided by 8271.
8
What is the remainder when 320718 is divided by 24660?
138
What is the remainder when 2303556 is divided by 6753?
783
What is the remainder when 10946954 is divided by 386?
380
Calculate the remainder when 811872 is divided by 3623.
320
Calculate the remainder when 73597183 is divided by 39.
10
What is the remainder when 139016230 is divided by 3838?
32
What is the remainder when 7702854 is divided by 7?
5
What is the remainder when 389951 is divided by 129956?
83
What is the remainder when 769195 is divided by 29582?
63
Calculate the remainder when 352224 is divided by 161.
117
What is the remainder when 709935 is divided by 429?
369
What is the remainder when 481195 is divided by 240577?
41
What is the remainder when 6804 is divided by 3037?
730
What is the remainder when 14201742 is divided by 473391?
12
What is the remainder when 17688 is divided by 17551?
137
What is the remainder when 22709982 is divided by 4764?
4758
What is the remainder when 73463 is divided by 72926?
537
What is the remainder when 1558216946 is divided by 3254?
3252
What is the remainder when 230072516 is divided by 2280?
2276
What is the remainder when 390873 is divided by 12608?
25
Calculate the remainder when 153513 is divided by 1553.
1319
Calculate the remainder when 79915 is divided by 7834.
1575
Calculate the remainder when 229611 is divided by 42.
39
Calculate the remainder when 31087192 is divided by 139.
120
What is the remainder when 1376981 is divided by 21515?
21
Calculate the remainder when 51185842 is divided by 54.
52
Calculate the remainder when 1203104 is divided by 5986.
5904
Calculate the remainder when 1117094 is divided by 558535.
24
What is the remainder when 743557 is divided by 2?
1
What is the remainder when 3368460 is divided by 306217?
73
Calculate the remainder when 155262 is divided by 77617.
28
What is the remainder when 1225663 is divided by 408502?
157
What is the remainder when 465456 is divided by 474?
462
Calculate the remainder when 14527709 is divided by 284857.
2
Calculate the remainder when 19608245 is divided by 1913.
1908
What is the remainder when 79807 is divided by 487?
426
What is the remainder when 3580722 is divided by 1790349?
24
What is the remainder when 53278 is divided by 8924?
8658
What is the remainder when 652209 is divided by 325984?
241
What is the remainder when 94585 is divided by 975?
10
What is the remainder when 34694179 is divided by 222?
19
Calculate the remainder when 430495 is divided by 141986.
4537
Calculate the remainder when 66694 is divided by 13.
4
Calculate the remainder when 775805 is divided by 307.
16
What is the remainder when 53105604 is divided by 603?
600
Calculate the remainder when 352141 is divided by 802.
63
Calculate the remainder when 75570143 is divided by 2950.
2943
What is the remainder when 51635 is divided by 12809?
399
What is the remainder wh